
158
What is the highest common factor of 44 and 198?
22
What is the greatest common divisor of 36476 and 44?
44
What is the highest common factor of 203 and 348?
29
Calculate the highest common factor of 1886 and 322.
46
What is the highest common divisor of 106 and 5194?
106
What is the highest common factor of 49 and 4067?
49
Calculate the highest common factor of 12 and 1632.
12
What is the greatest common divisor of 19 and 95?
19
Calculate the greatest common factor of 79 and 3081.
79
What is the greatest common divisor of 496 and 40?
8
What is the highest common divisor of 21814 and 52?
26
What is the greatest common factor of 268 and 4?
4
What is the greatest common factor of 143 and 2662?
11
What is the highest common divisor of 195 and 15?
15
Calculate the greatest common factor of 432 and 264.
24
Calculate the highest common divisor of 4053 and 168.
21
What is the highest common factor of 126 and 11970?
126
Calculate the greatest common factor of 1 and 169.
1
Calculate the greatest common factor of 33258 and 207.
69
What is the highest common divisor of 1276 and 1856?
116
What is the greatest common divisor of 5523 and 63?
21
Calculate the highest common divisor of 125 and 2800.
25
Calculate the greatest common factor of 4 and 628.
4
What is the highest common factor of 455 and 630?
35
Calculate the greatest common factor of 770 and 35.
35
What is the highest common factor of 430 and 43?
43
What is the greatest common divisor of 52 and 22?
2
What is the greatest common factor of 3996 and 24?
12
What is the highest common factor of 65 and 2028?
13
What is the highest common factor of 9 and 33?
3
Calculate the highest common divisor of 24 and 33.
3
What is the greatest common divisor of 588 and 60?
12
Calculate the greatest common factor of 665 and 11704.
133
Calculate the greatest common divisor of 8 and 64.
8
Calculate the highest common factor of 556 and 3.
1
Calculate the greatest common factor of 71 and 1207.
71
What is the highest common divisor of 23 and 2?
1
Calculate the greatest common divisor of 142 and 639.
71
Calculate the highest common factor of 87 and 116.
29
Calculate the highest common factor of 1717 and 34.
17
What is the greatest common factor of 429 and 143?
143
What is the highest common divisor of 190 and 40?
10
What is the highest common divisor of 286 and 78?
26
What is the highest common divisor of 1357 and 414?
23
What is the greatest common divisor of 1314 and 6?
6
Calculate the greatest common divisor of 240 and 10920.
120
What is the greatest common divisor of 7 and 581?
7
Calculate the greatest common divisor of 77 and 121.
11
Calculate the greatest common divisor of 92 and 5060.
92
What is the greatest common divisor of 68 and 272?
68
What is the greatest common factor of 1776 and 999?
111
What is the highest common divisor of 3192 and 252?
84
What is the greatest common factor of 21 and 2163?
21
Calculate the greatest common divisor of 196 and 252.
28
What is the highest common factor of 494 and 5902?
26
What is the highest common factor of 11 and 1441?
11
What is the highest common factor of 132 and 96?
12
Calculate the greatest common divisor of 49 and 56.
7
What is the greatest common factor of 5 and 9470?
5
What is the highest common factor of 82 and 31898?
82
Calculate the greatest common divisor of 32 and 2.
2
What is the highest common factor of 266 and 14?
14
What is the greatest common divisor of 513 and 627?
57
What is the greatest common divisor of 10 and 27310?
10
Calculate the greatest common divisor of 63 and 504.
63
Calculate the highest common divisor of 128 and 16.
16
Calculate the greatest common divisor of 231 and 6402.
33
What is the greatest common divisor of 162 and 30?
6
What is the greatest common factor of 1044 and 288?
36
Calculate the highest common factor of 66 and 1353.
33
What is the highest common factor of 411 and 117?
3
What is the highest common factor of 4849 and 65?
13
Calculate the greatest common factor of 246 and 164.
82
What is the highest common divisor of 665 and 152?
19
What is the greatest common factor of 16756 and 59?
59
What is the greatest common divisor of 232 and 174?
58
What is the greatest common divisor of 978 and 18?
6
Calculate the highest common factor of 15022 and 28.
14
Calculate the highest common factor of 42 and 406.
14
Calculate the greatest common divisor of 5 and 630.
5
What is the highest common divisor of 425 and 25?
25
Calculate the greatest common divisor of 45 and 4.
1
What is the greatest common divisor of 1809 and 67?
67
What is the highest common factor of 175 and 23135?
35
Calculate the greatest common divisor of 1 and 1259.
1
What is the highest common divisor of 392 and 3871?
49
What is the greatest common divisor of 2988 and 180?
36
What is the highest common factor of 448 and 56?
56
What is the greatest common divisor of 435 and 15?
15
Calculate the greatest common divisor of 1812 and 12.
12
What is the greatest common factor of 88 and 660?
44
What is the highest common divisor of 6 and 174?
6
What is the highest common factor of 400 and 13700?
100
What is the highest common factor of 18 and 3177?
9
What is the greatest common divisor of 21096 and 36?
36
What is the highest common factor of 207 and 23?
23
Calculate the highest common factor of 13 and 3.
1
Calculate the greatest common divisor of 52 and 65.
13
What is the highest common divisor of 158 and 553?
79
What is the highest common divisor of 30520 and 280?
280
What is the greatest common factor of 174 and 464?
58
What is the greatest common factor of 408 and 306?
102
Calculate the highest common divisor of 500 and 20.
20
What is the highest common divisor of 180 and 16020?
180
Calculate the highest common factor of 1479 and 58.
29
Calculate the greatest common divisor of 18 and 182.
2
Calculate the highest common divisor of 1380 and 60.
60
Calculate the highest common divisor of 854 and 488.
122
Calculate the greatest common factor of 88 and 2222.
22
What is the greatest common factor of 117 and 2?
1
What is the highest common factor of 365 and 15?
5
Calculate the greatest common factor of 21 and 112.
7
What is the greatest common factor of 10 and 4190?
10
What is the highest common factor of 136 and 16?
8
Calculate the highest common divisor of 89 and 5696.
89
Calculate the highest common factor of 26 and 7410.
26
What is the highest common factor of 32 and 992?
32
Calculate the highest common divisor of 36 and 8586.
18
Calculate the greatest common factor of 112 and 4984.
56
What is the highest common divisor of 49 and 280?
7
Calculate the highest common divisor of 27 and 36.
9
Calculate the highest common factor of 42 and 54.
6
What is the greatest common divisor of 603 and 54?
9
What is the greatest common factor of 38 and 418?
38
Calculate the greatest common factor of 176 and 462.
22
What is the greatest common divisor of 16 and 8144?
16
Calculate the greatest common factor of 69 and 14490.
69
What is the greatest common factor of 272 and 85?
17
Calculate the highest common factor of 6 and 33.
3
Calculate the highest common divisor of 1541 and 1035.
23
Calculate the highest common factor of 164 and 123.
41
Calculate the greatest common divisor of 144 and 40.
8
Calculate the greatest common divisor of 1122 and 34.
34
Calculate the highest common factor of 42 and 18.
6
What is the highest common factor of 493 and 17?
17
Calculate the greatest common divisor of 470 and 110.
10
What is the highest common factor of 90 and 910?
10
What is the highest common factor of 59 and 944?
59
What is the greatest common divisor of 208 and 1144?
104
Calculate the highest common divisor of 33 and 759.
33
Calculate the greatest common factor of 9 and 21.
3
What is the highest common divisor of 264 and 84?
12
Calculate the highest common divisor of 245 and 1120.
35
Calculate the highest common factor of 56 and 8190.
14
Calculate the highest common factor of 14656 and 48.
16
What is the greatest common factor of 20850 and 139?
139
Calculate the greatest common divisor of 167 and 1169.
167
Calculate the greatest common factor of 7664 and 16.
16
Calculate the highest common factor of 5680 and 560.
80
Calculate the highest common factor of 630 and 270.
90
Calculate the greatest commo